)?
8
Let k(x) = x**2 + 4*x - 1. Let c(b) = b**2 - 19*b - 47. Let q be c(21). What is k(q)?
4
Let n(z) = -12*z**2 + 4*z - 1. Let a(o) be the first derivative of 13*o**3/3 - 5*o**2/2 + 2*o - 6. Let g(j) = 2*a(j) + 3*n(j). Give g(-1).
-11
Let w(s) = 8*s + 14. Let r(n) = 3*n + 5. Let q(m) = -14*r(m) + 5*w(m). Suppose 5*y + 6*g = g + 110, -4*y + 123 = -3*g. Let z = 33 - y. Give q(z).
-12
Let v(x) = x**3 - x**2 - 2*x + 4. Let w = -9 + 25. Suppose 0 = -4*i + w - 4. Give v(i).
16
Suppose 22*r = 4*r - 90. Let v(q) = -q - 1. What is v(r)?
4
Let i(h) be the second derivative of -h**5/20 - h**4/6 - h**3/6 - 3*h**2/2 + 89*h. Suppose 2*g = -3*w - 19, -g = -4*w + 3*w + 2. What is i(w)?
9
Suppose -56*s + 49*s - 35 = 0. Let h(q) = -q**3 - 5*q**2 - q + 2. Determine h(s).
7
Let p = 45 + -9. Let o(a) = -a**2 - 6 + 24*a - p*a + 17*a. Give o(4).
-2
Suppose -2*d + 6*q - 3*q - 6 = 0, -q = -d - 2. Let l(g) be the second derivative of -g**3/6 + 15*g**2/2 - g - 38. What is l(d)?
15
Let l(n) = -n + 3. Let h be (1 + 2 + -1)*-1. Let v = 0 - h. Suppose 0*o - 6 = -v*o. What is l(o)?
0
Let p(y) = y**2 + 8*y + 6. Let o be p(-8). Let z(b) be the second derivative of b**5/20 - b**4/2 - b**3/6 + 3*b**2/2 - 21*b - 15. Calculate z(o).
-3
Suppose 2*k = 11 - 5. Let f(t) = -9*t**k + 5*t + 3*t**2 + 8*t**3 - 13 + 16. Give f(4).
7
Let r be ((-3)/(-12))/(1/4). Let t(q) = q + 1. Let o = -1 - 0. Let i(f) = -3*f - 4. Let n(m) = o*i(m) - 4*t(m). Determine n(r).
-1
Let a(n) = n - 2. Suppose 24 = 8*b - 0. Let x be (16/3 - b)*-3. Give a(x).
-9
Let f(r) be the first derivative of r**2/2 - 6*r + 315. Suppose 0 = c + 2*c. Calculate f(c).
-6
Let m be -4 + 2 + (-5)/(-1). Let u(f) = -f**3 - f**2 + 2*f**m - 1 - 3*f**3 - f. Let z(s) = s**3 - 9*s**2 + 16*s - 15. Let x be z(7). What is u(x)?
1
Let p(t) = t**3 - 5*t**2 + 8*t - 13. Let d be p(6). Suppose -3*n - 2*n - 3*s = -87, 0 = 5*n - s - d. Let w = n + -19. Let g(f) = -f**3 - 4*f**2. Give g(w).
0
Let w = -6084 - -6073. Let t(x) be the third derivative of x**4/24 + x**3 + x**2. What is t(w)?
-5
Let s(m) be the second derivative of -m**5/20 + 5*m**4/12 - 2*m**3/3 - 3*m**2/2 + 49*m - 1. What is s(5)?
-23
Suppose -5*n + 17 + 43 = 0. Suppose 3*l + 0*l = 3*m - n, -4*m = -3*l - 14. Let z(q) = q**2 + q + 2. Determine z(m).
8
Let u(c) = -c**2 - 5*c + 3. Let o = 82 + -69. Suppose -7*g + 36 = -o*g. Calculate u(g).
-3
Let t(b) = -5*b - 9. Let o(j) = -j - 1. Let s(a) = -6*o(a) + t(a). Calculate s(11).
8
Suppose 4*d - 2*i - 2*i - 240 = 0, -i + 105 = 2*d. Suppose -2*y - 15 + d = 0. Let t be (1/(-1))/(5/y). Let u(g) = -g**3 - 4*g**2 - 1. Determine u(t).
-1
Let t be ((-14)/(-6))/(-7)*(-3 + 12). Let w(q) = 2*q**3 + 5*q**2 + 3*q - 2. Let y(l) = -l**3 - 4*l**2 - 2*l + 1. Let r(f) = t*y(f) - 2*w(f). Determine r(3).
-8
Let b = -366 - -361. Let s(x) = -x**3 - 6*x**2 - 7*x - 7. Give s(b).
3
Suppose -7*i - 30 - 19 = 0. Let o(t) = -t**3 - 6*t**2 + 6*t + 2. What is o(i)?
9
Let z be (-36)/15 + 38/95. Let d(f) be the second derivative of -f**4/6 + f**3/2 + 3*f**2/2 - f. Determine d(z).
-11
Let q(p) be the third derivative of p**4/24 - 13*p**3/6 + p**2 + 6*p. Calculate q(9).
-4
Let g(f) be the third derivative of f**4/24 + 3*f**3/2 + 68*f**2 - 2*f. Determine g(-16).
-7
Let x(c) = c**3 + 3*c**2 - c - 2. Let l be x(-3). Let u(z) be the second derivative of 1/2*z**2 - 1/6*z**3 + 0 + 1/12*z**4 + 13*z. Give u(l).
1
Suppose -6 = -2*f + o, -4*f - 3*o + 0 = -2. Let a be (1 - 1)*2/(-4). Let w(r) = 1 - 4*r**f - r**3 - 4 + a*r + 5*r - 1. Determine w(-5).
-4
Let v(i) = 3*i - 2*i**2 + 5 + 3*i**2 + 3*i. Let p be (0 - (-30)/(-12) - 0)*2. Determine v(p).
0
Let i(w) = -w**3 - w**2 + w - 4. Let t = -15 - 37. Let p = t + 52. Give i(p).
-4
Let c(k) = 4*k**2. Let f = -36 - -42. Suppose -7*m = -m - f. Give c(m).
4
Let w(r) = -r**2 + 11*r - 16. Let k be w(9). Suppose -3*t - k*m = -4*m + 19, -5*t = -4*m + 35. Let g(d) = -d**2 - 4*d - 4. Determine g(t).
-1
Let r(w) = w**3 + 5*w**2 + 4*w - 3. Let k = -560 + 556. What is r(k)?
-3
Let u be (-1)/(((-1)/2)/1). Let f be 4 + (1 - (-2 + u)). Let n(y) be the third derivative of y**5/60 - 5*y**4/24 - y**3/3 + 2*y**2 - 415*y. What is n(f)?
-2
Let y(x) = 5*x**3 - 25*x**2 + 16*x + 11. Let r(l) = -l**3 + 6*l**2 - 4*l - 3. Let z(m) = -9*r(m) - 2*y(m). Suppose 0 = -v - 4. Calculate z(v).
-11
Let u(j) = -j**3 + 11*j**2 - 2*j + 24. Let f(k) = 5*k + 201. Let x be f(-38). Determine u(x).
2
Let z(u) be the third derivative of u**4/3 - u**3/3 - 138*u**2. Calculate z(-2).
-18
Suppose -2*c - 1 = 1. Let o(v) = -v**3 - 15*v**2 + 16*v + 8. Let b(j) = -j**2 + j + 1. Let y(d) = c*o(d) + 2*b(d). Give y(-14).
-6
Let n(b) be the second derivative of b**5/20 + 7*b**4/12 + 7*b**3/6 - 5*b**2/2 - b. Let v be ((-40)/(-6))/(2/3). Suppose v*m + 28 = -32. Determine n(m).
-11
Let a = -265 + 263. Let g(s) = 2*s**2 + s - 3. Calculate g(a).
3
Let i = -15 + 10. Let u(h) = -355*h + 721*h - h**3 + 3 - 361*h - 4*h**2. Give u(i).
3
Let o(j) be the second derivative of j**3/3 - 17*j**2/2 + 5*j. Let m be o(14). Let n(a) = 4*a + m - 5*a - 8. What is n(3)?
0
Let m(a) = a + 4. Let t(w) = w + 2. Suppose -6*z + z = 10. Let b(p) = z*m(p) + 5*t(p). What is b(-3)?
-7
Let l(t) = -t**2 + 6*t - 7. Let m be l(6). Let v = -1 - m. Let k(n) = -7*n**2 - n + 2 + v*n**2 + 2 + 0. Determine k(0).
4
Let q(i) = 10*i + 5. Let j be q(-5). Let d = 38 + j. Let t(y) = 5*y**3 - 7*y**2 + 3 - 6*y**3 - 5*y + 6*y. Calculate t(d).
-4
Let k(i) be the third derivative of -i**6/20 - i**5/60 - i**4/24 - i**3/6 + 57*i**2. Determine k(-1).
5
Suppose -2*y = 3*y - 20. Suppose -y*f = f. Let l(j) be the third derivative of j**4/24 - 18*j**2. Determine l(f).
0
Let i(v) = -2*v**2 - 3*v + 3. Suppose 5*t + 12 = -8, 5*b + 2*t - 17 = 0. Suppose -5*m = -h + 8 + 9, b*m + 11 = -2*h. What is i(h)?
-11
Let u(i) = i**3 - 4*i**2 - 8*i + 6. Suppose 20 = -64*n + 68*n. Suppose -3*p + 2*p = 4, b - n*p = 25. Give u(b).
-9
Let u(r) = 4*r**2 - 2*r + 2 - 1 + 0*r**2. Let l be 4/6 - ((-78)/9)/26. What is u(l)?
3
Let l(p) = p**3 + 4*p**2 - 5*p - 2. Let h = 36 + -34. Suppose 3*d = o - 18, 3*d + 3*o = -h*o. Calculate l(d).
-2
Let j be (-50 - -50) + (1 - -1). Let t(b) = -4*b + 1. What is t(j)?
-7
Let u(d) = -d**2 + 3*d + 5. Suppose 4*p + 2*f = 46, 4*p - 3*f - 3 = 2*p. Suppose 7*s - p = 33. What is u(s)?
-13
Let q(f) = f**2 + 44. Let d(p) = -2*p**2 - p - 110. Let i(w) = -2*d(w) - 5*q(w). Suppose b - 23 = -5*z, -z + b + 0*b + 1 = 0. What is i(z)?
-8
Let d(q) = q**2 - 3*q + 9. Let a = -1137 - -1143. Calculate d(a).
27
Suppose -5*k = -3*g - 64, -3*k - 2*g + 26 = -1. Let d(w) = -2*w + 13. Calculate d(k).
-9
Let l(t) = -t**3 + 6*t**2 - 3*t - 6. Let m be l(5). Let u(v) = -v**2 + 4*v. Let c(w) = -w**2 + 3*w + 1. Let s(b) = m*u(b) - 5*c(b). Give s(0).
-5
Suppose -2*k = -180 + 70. Let w = k + -59. Let f(x) = 3*x + 4. Determine f(w).
-8
Let p(t) = -67*t - 28 + 10 + 10. Let q(y) = 100*y + 11. Let w(n) = 7*p(n) + 5*q(n). Give w(1).
30
Let h(j) = 12*j - 124. Let g be h(11). Let i(l) = -l**2 + 8*l - 5. Calculate i(g).
-5
Let u(j) = 5*j - 2. Let f = 957 + -966. What is u(f)?
-47
Suppose -2*x - 4*z = 6, 3*x + z = 2*x. Let q(p) = -3*p**2 - 2*p - 6. Let r(u) = -3*u**2 - 3*u - 7. Let v(d) = -6*q(d) + 5*r(d). Determine v(x).
19
Let n(g) be the second derivative of g**5/20 + 5*g**4/12 + 2*g**3/3 + 7*g**2/2 - g. Let j(f) = f**2 - 2 - 4*f - 4*f + 4. Let p be j(7). Calculate n(p).
-13
Let n(q) = q**3 - 10*q**2 - 3*q - 2. Let f = 919 - 909. Give n(f).
-32
Let r(w) = -3*w + 4. Let b be (60/24)/(2/4). Let s(q) = 2*q - 1 + q**2 - b + 1. Let k be s(-4). Determine r(k).
-5
Let c(q) be the first derivative of 4*q**2 - 47*q + 75. Give c(7).
9
Let x be (-6)/(-1 - (2 - 1)). Let k(v) = -14*v**2 + 4. Let p(u) = 24*u**2 - u - 6. Let g(y) = 5*k(y) + 3*p(y). Calculate g(x).
11
Suppose -7*p + 5*p - 2*b + 22 = 0, -p = -b - 5. Let d(q) be the first derivative of -p*q + 3 + 1/2*q**2. Calculate d(5).
-3
Let x(c) be the second derivative of -c**5/20 + 7*c**4/12 - 4*c**3/3 + 4*c**2 + 9*c - 11. Calculate x(6).
-4
Let i(q) = 8*q + 32. Let j(x) = -7*x - 26. Let r(z) = 3*i(z) + 4*j(z). Calculate r(-11).
36
Let w(p) = -4*p - 4. Let z = -339 + 344. What is w(z)?
-24
Let o(x) = -13. Let k(l) = -l - 27. Let w(m) = 3*k(m) - 7*o(m). What is w(-14)?
52
Suppose -41*k - 64*k = -840. Let g(h) = -h**3 + 9*h**2 - 4*h + 9. Let s(z) =